{"id":76,"date":"2024-09-06T09:38:22","date_gmt":"2024-09-06T09:38:22","guid":{"rendered":"https:\/\/www.pelit.cz\/?page_id=76"},"modified":"2024-10-12T16:27:01","modified_gmt":"2024-10-12T16:27:01","slug":"domu","status":"publish","type":"page","link":"https:\/\/www.pelit.cz\/","title":{"rendered":"O n\u00e1s"},"content":{"rendered":"\n<p>Spole\u010dnost PELIT servis, s.r.o. vznikla v roce 2009 spojen\u00edm n\u011bkolika zku\u0161en\u00fdch revizn\u00edch a IT technik\u016f do jednoho subjektu. Zab\u00fdv\u00e1me se p\u0159edev\u0161\u00edm n\u00e1vrhem a n\u00e1slednou spr\u00e1vou IT \u0159e\u0161en\u00ed, d\u00e1le poradenstv\u00edm v oblasti IT technologi\u00ed, ergonomi\u00ed pracovi\u0161t\u011b, revizemi elektro, hromosvod\u016f a plynu, elektroinstalacemi silno i slaboproud\u00fdch s\u00edt\u00ed a instalacemi z\u00e1lo\u017en\u00edch zdroj\u016f v\u010detn\u011b bypass\u016f. Nab\u00edz\u00edme individu\u00e1ln\u00ed p\u0159\u00edstup p\u0159i \u0159e\u0161en\u00ed pot\u0159eb z\u00e1kazn\u00edka a v\u017edy se sna\u017e\u00edme vyj\u00edt vst\u0159\u00edc v\u0161em jeho po\u017eadavk\u016fm s ohledem na optimalizaci funk\u010dnosti a n\u00e1klad\u016f.<\/p>\n\n\n\n<p><\/p>\n","protected":false},"excerpt":{"rendered":"<p>Spole\u010dnost PELIT servis, s.r.o. vznikla v roce 2009 spojen\u00edm n\u011bkolika zku\u0161en\u00fdch revizn\u00edch a IT technik\u016f do jednoho subjektu. Zab\u00fdv\u00e1me se p\u0159edev\u0161\u00edm n\u00e1vrhem a n\u00e1slednou spr\u00e1vou IT \u0159e\u0161en\u00ed, d\u00e1le poradenstv\u00edm v oblasti IT technologi\u00ed, ergonomi\u00ed pracovi\u0161t\u011b, revizemi elektro, hromosvod\u016f a plynu, elektroinstalacemi silno i slaboproud\u00fdch s\u00edt\u00ed a instalacemi z\u00e1lo\u017en\u00edch zdroj\u016f v\u010detn\u011b [&hellip;]<\/p>\n","protected":false},"author":1,"featured_media":211,"parent":0,"menu_order":0,"comment_status":"closed","ping_status":"closed","template":"","meta":{"_themeisle_gutenberg_block_has_review":false,"footnotes":""},"class_list":["post-76","page","type-page","status-publish","has-post-thumbnail","hentry"],"_links":{"self":[{"href":"https:\/\/www.pelit.cz\/index.php?rest_route=\/wp\/v2\/pages\/76","targetHints":{"allow":["GET"]}}],"collection":[{"href":"https:\/\/www.pelit.cz\/index.php?rest_route=\/wp\/v2\/pages"}],"about":[{"href":"https:\/\/www.pelit.cz\/index.php?rest_route=\/wp\/v2\/types\/page"}],"author":[{"embeddable":true,"href":"https:\/\/www.pelit.cz\/index.php?rest_route=\/wp\/v2\/users\/1"}],"replies":[{"embeddable":true,"href":"https:\/\/www.pelit.cz\/index.php?rest_route=%2Fwp%2Fv2%2Fcomments&post=76"}],"version-history":[{"count":2,"href":"https:\/\/www.pelit.cz\/index.php?rest_route=\/wp\/v2\/pages\/76\/revisions"}],"predecessor-version":[{"id":201,"href":"https:\/\/www.pelit.cz\/index.php?rest_route=\/wp\/v2\/pages\/76\/revisions\/201"}],"wp:featuredmedia":[{"embeddable":true,"href":"https:\/\/www.pelit.cz\/index.php?rest_route=\/wp\/v2\/media\/211"}],"wp:attachment":[{"href":"https:\/\/www.pelit.cz\/index.php?rest_route=%2Fwp%2Fv2%2Fmedia&parent=76"}],"curies":[{"name":"wp","href":"https:\/\/api.w.org\/{rel}","templated":true}]}}